0). Let p = 343 + d. What is the units digit of p?
6
Let d = -235 + -1592. Let p = d + 2924. What is the hundreds digit of p?
0
What is the thousands digit of ((-150)/18 + 7)/((-8)/58692)?
9
Let p be ((-39)/(-2))/3 + 24/16. Let d be (-4)/3*((-95)/10 + p). Suppose -2*l = -d*x - 408, -4*x = -2*x + 10. What is the tens digit of l?
9
Let g(v) = 21*v**3 + v**2 + 30*v + 42. What is the hundreds digit of g(9)?
7
Let s be 4 + -1 + (-21 - -13). Let h(l) = 5*l + 37. Let d be h(s). What is the units digit of (243/d - 1)*(6 + -2)?
7
What is the tens digit of 112/(-14)*-2 + 23132?
4
Suppose 6*o + 3*o = -0*o. Suppose o = 35*c - 39*c + 1572. What is the units digit of c?
3
Let d = -923 - -1439. Suppose 0*p + d = 5*p - 2*w, -p = -4*w - 114. Suppose -8*i = -p - 2082. What is the tens digit of i?
7
Suppose 2*v - 4*b = -2, 3 = -3*v - b - b. Let w be -4 - (v + -4) - -63. Let q = -11 + w. What is the tens digit of q?
5
Let o = -525 + 542. Suppose -97 = -o*m + 19946. What is the hundreds digit of m?
1
Let z be (-24)/12 - (0 - 1965). Suppose -7*r = -z + 108. What is the hundreds digit of r?
2
Suppose 0 = -0*j + 2*j + 28. Let h be (8/(-3) + 2)/(j/735). Let a = h + 20. What is the units digit of a?
5
Suppose 2*b - 6*b = o - 11, -3*b - 3*o + 6 = 0. Let h(y) = 16*y**2 + 6*y - 6. What is the tens digit of h(b)?
5
Let o be 2*2/(-8)*1*-4. Let s(i) = -3*i + 9. Let k be s(3). What is the hundreds digit of k + (o - 0 - -122)?
1
Let v(c) = 4*c - 58. Suppose 25 = 2*p - 3. Let y be v(p). What is the tens digit of (56/y - 3)*21/(-3)?
1
Let b = -238 - 1583. What is the units digit of (b/5)/((-105)/525)?
1
Let i = 153 - 149. Suppose 376 = 4*d + i*x, -2*x - 84 = -d - x. What is the tens digit of d?
8
What is the hundreds digit of ((-1)/5)/(13/((-449150)/(-20)))*-202?
7
Let p = -291 + 456. Suppose 0 = -x + 3*y + p, -670 = -4*x - 3*y + 65. Suppose -h - 280 = -5*q - 2*h, x = 3*q + 3*h. What is the units digit of q?
5
Let x(h) = 149*h + 4177. What is the tens digit of x(-27)?
5
Let q be 0/(-1*(-1 - -4)). Suppose 3*y - 2*i - 1502 = q, -3*y - 2*i + 1270 = -252. What is the tens digit of y?
0
Let d(r) = 190*r + 28. Let g be d(5). Suppose 3*k = 5*w - k - 1603, 3*k = -3*w + g. What is the units digit of w?
3
Let t(u) = 177*u**3 + 12*u**2 - 96*u - 24. What is the thousands digit of t(7)?
0
Suppose n - z - 3036 = -4*n, 5*n = 2*z + 3037. Let j = -388 + n. What is the hundreds digit of j?
2
Suppose 0 = -2*f - 3*j + 174, -373 - 80 = -5*f - 3*j. Let w = 269 - f. Suppose -3*k = -2*i + w, 5*k - 54 - 254 = -4*i. What is the units digit of i?
2
Let o = -12 + 18. Suppose o*l - 5889 = -33*l. What is the units digit of l?
1
Suppose -4*k + 3 + 5 = 0. Suppose 0 = -k*o + 3*o + 5*d + 8, 0 = 5*d + 10. Suppose -x - 2*i + 114 = 0, o*i = -2*x - 0*i + 228. What is the units digit of x?
4
Let x = -437 + 665. Let u = x - -49. What is the hundreds digit of u?
2
Let f(r) = 3*r**3 + r**2 - 5*r + 21. Let m be f(5). Suppose 3*z + m = 2*b, 3*z - 200 = -3*b + 394. Let u = -108 + b. What is the units digit of u?
0
Suppose 31*y - 120028 = 65255 - 37599. What is the hundreds digit of y?
7
What is the units digit of (1350378/(-243))/((-8)/36)?
7
Let a(c) = 4676*c**2 - 21*c + 67. What is the units digit of a(3)?
8
Let y = -230 + 234. Suppose y*k = 680 + 460. What is the tens digit of k?
8
Let l(r) = 6*r**3 - 54*r**2 + 710*r - 69. What is the ten thousands digit of l(13)?
1
Let i be (-4 - -2) + 4/(20/(-175)). Let m = i + 37. Suppose m = -4*z - 4*u + 460, 6*z + 5*u + 202 = 8*z. What is the units digit of z?
1
Let d be ((-9)/(-2))/9*6. Suppose -d*f = m, -f - 3*m + 3 = -5. What is the units digit of 3*f/(12/(-64))?
6
Let r = 529 - 204. Suppose -r = -4*a - 3*h, 0 = 17*a - 21*a - 5*h + 331. What is the tens digit of a?
7
Let m(h) = -11*h + 40. Let c be m(2). What is the hundreds digit of (c/(-9) + 7)*808/5?
8
Let j = 1289 + -631. Let a = j + -602. What is the units digit of a?
6
Suppose 4*a = -k + 120, 3*k + 0*a = a + 308. Let l = k - -220. What is the hundreds digit of l?
3
Suppose 0 = -3*l - 2*v + 5*v + 1296, 5*l = 2*v + 2151. What is the tens digit of 2/(13/(l/2))?
3
Suppose -m + 5*l = -5*m + 31318, 7819 = m + 3*l. What is the hundreds digit of m?
8
Let r = 1632 + 4287. What is the hundreds digit of r?
9
Let h be 8/5 + 2/5. Suppose 0 = -3*t - 6, 4*k - 6*t - 1832 = -8*t. Suppose h*i = -i + k. What is the tens digit of i?
5
Let b(l) = 9*l**2 + 62*l + 699. What is the units digit of b(48)?
1
Let b(d) = 89*d - 2. Let x(t) = -46*t + 1. Let f(v) = -6*b(v) - 13*x(v). What is the units digit of f(7)?
7
Let m be (-4)/(-16) + 4482/(-8). What is the units digit of (-395)/(-8) + 10/(m/21)?
9
Let i = 3 - -2. Suppose -1774 + 504 = -i*y. Suppose 5*t - y = 21. What is the tens digit of t?
5
Suppose 3*f = 5*f. Let x(z) = 300*z**2 + 116 + 301*z**2 - 602*z**2 + 3*z. What is the hundreds digit of x(f)?
1
Let s = -16590 + 49630. What is the hundreds digit of s?
0
Let j(u) = 162*u + 771. What is the units digit of j(64)?
9
Let y(g) = -43*g. Let h = -633 - -629. What is the units digit of y(h)?
2
Suppose 4*a - 3 = -4*h + 9, 6 = 2*h. Suppose a = -7*b - 1407 + 98. Let w = -44 - b. What is the tens digit of w?
4
Suppose 5*r + 120 = 5*l, 4*l - r = -0*r + 81. Suppose 0 = 27*y - l*y - 480. What is the tens digit of y?
6
Suppose 149*q + 1194165 = 158*q + 306*q. What is the units digit of q?
1
Suppose -2*q + 16 = -3*l + 7*l, 2*l + 3*q - 8 = 0. Suppose 49 = -2*r + p + 636, -5*r - l*p + 1435 = 0. What is the hundreds digit of r?
2
What is the tens digit of ((72/(-15))/(-6))/(3*1/19635)?
3
Let g(k) = -904*k - 1324. What is the hundreds digit of g(-14)?
3
Let s = 38 - 38. Suppose -2*g + 6 = -s*g. Let v = g - -48. What is the tens digit of v?
5
Let g(j) = -j**3 - 9*j**2 + 9*j. Let c be g(-10). Let v(p) = -2 + 7 - 11 - 2*p - c. What is the units digit of v(-11)?
6
What is the units digit of (1/(-2))/((-114)/979716)?
7
Suppose 0 = -144*a + 59*a + 689605. What is the tens digit of a?
1
Let x(m) = 3*m**2 - 45 - 2*m**2 + 9 + 3*m**2 - 4*m. Let p be x(-15). Suppose -27*k + 33*k - p = 0. What is the tens digit of k?
5
Suppose -22*h - 70 = -36*h. Suppose -y - 3*s = -1388, h*y - 3*y = -5*s + 2781. What is the units digit of y?
3
Suppose 0 = v - 3*a + 18, -3*v - 63 - 7 = -5*a. Let t be (-1663)/(-6) + 5/v. Let k = -179 + t. What is the units digit of k?
8
Suppose -2750923 = -47*j - 178*j + 3118652. What is the units digit of j?
7
Let t = -62 - -161. Let i = 155 - t. What is the tens digit of i?
5
Suppose n - 45046 = -4*b, 4*b - 23*n = -18*n + 45058. What is the tens digit of b?
6
Suppose 4*t + 2*t = 10*t. Suppose t = -4*d - 4*x + 1288, 0*d - 4*d + 1288 = -2*x. What is the hundreds digit of d?
3
What is the tens digit of (-110)/(-121)*11 + 82?
9
Suppose -13*m + 33 = -10*m. Suppose -126 = -m*r + 13*r. Let c = r - -124. What is the units digit of c?
1
Let u = -23 + 25. Let v be 510/(-2)*609/(-435). Suppose -v = -u*r + 195. What is the units digit of r?
6
Let n = 121 - 124. What is the tens digit of n - 297*(-6 + 5)?
9
Suppose 2*a - 3*i - 17 = -2*i, -a + 5*i = -31. Suppose 5*t - 2 = a*t. What is the hundreds digit of ((-56)/70)/(t/580)?
2
Suppose 2130*z - 150 = 2134*z + 394. Let p = 183 + 13. Let n = p + z. What is the tens digit of n?
6
Suppose -x - 3*x + 129 = 5*s, -4*x = -s + 45. Let y = s + 168. What is the tens digit of y?
9
Suppose 3*g + 188 = -4*w, 2*w - 65 + 319 = -4*g. Let f = -21 - g. Let d = f + -20. What is the tens digit of d?
2
Let x(c) = -c**3 + 13*c**2 + 15*c + 12. Suppose 0 = -14*h - 74 - 234. Let g = h + 35. What is the units digit of x(g)?
7
Let f(d) be the first derivative of -d**4/4 + 6*d**3 - 9*d**2 + 15*d + 30. What is the hundreds digit of f(12)?
6
Suppose -2*l = -5*u + 77727, 3*u - l - 77726 = -2*u. What is the thousands digit of u?
5
Let l = 14 - 55. Let t = 43 + l. What is the tens digit of 226/6*-6*t/(-4)?
1
Let w = -35 + 61. Suppose 0 = -22*t + w*t - 6540. Suppose 1386 = 5*h - g, 5*h = -5*g - 255 + t. What is the tens digit of h?
7
Let h = 0 + 5. Let a = 3 + h. Suppose 10*p - a*p - 152 = 0. What is the tens digit of p?
7
Suppose 0 = 2*x - 5*f - 27, -f + 5*f = 4*x - 24. Suppose 25 = v - 3*w, -2*w + x + 5 = 0. What is the units digit of (v/(-4))/((-6)/60) - 2?
3
Let y = -19 - -17. What is the units digit of (108/(-126))/((-106)/(-56) + y)?
8
Let k =